{"id":32,"date":"2023-07-25T08:22:57","date_gmt":"2023-07-25T08:22:57","guid":{"rendered":"https:\/\/nbainfo.dk\/?page_id=32"},"modified":"2023-07-26T07:47:08","modified_gmt":"2023-07-26T07:47:08","slug":"colibri-wp","status":"publish","type":"page","link":"https:\/\/nbainfo.dk\/","title":{"rendered":"Front Page"},"content":{"rendered":"<div data-colibri-id=\"32-c1\" class=\"style-190 style-local-32-c1 position-relative\">\r\n  <!---->\r\n  <div data-colibri-component=\"section\" data-colibri-id=\"32-c238\" id=\"custom\" class=\"h-section h-section-global-spacing d-flex align-items-lg-center align-items-md-center align-items-center style-336 style-local-32-c238 position-relative\">\r\n    <!---->\r\n    <!---->\r\n    <div class=\"h-section-grid-container h-section-boxed-container\">\r\n      <!---->\r\n      <div data-colibri-id=\"32-c239\" class=\"h-row-container gutters-row-lg-2 gutters-row-md-2 gutters-row-0 gutters-row-v-lg-2 gutters-row-v-md-2 gutters-row-v-2 style-337 style-local-32-c239 position-relative\">\r\n        <!---->\r\n        <div class=\"h-row justify-content-lg-center justify-content-md-center justify-content-center align-items-lg-stretch align-items-md-stretch align-items-stretch gutters-col-lg-2 gutters-col-md-2 gutters-col-0 gutters-col-v-lg-2 gutters-col-v-md-2 gutters-col-v-2\">\r\n          <!---->\r\n          <div class=\"h-column h-column-container d-flex h-col-lg-auto h-col-md-auto h-col-auto style-338-outer style-local-32-c240-outer\">\r\n            <div data-colibri-id=\"32-c240\" class=\"d-flex h-flex-basis h-column__inner h-px-lg-2 h-px-md-2 h-px-2 v-inner-lg-2 v-inner-md-2 v-inner-2 style-338 style-local-32-c240 position-relative\">\r\n              <!---->\r\n              <!---->\r\n              <div class=\"w-100 h-y-container h-column__content h-column__v-align flex-basis-100 align-self-lg-start align-self-md-start align-self-start\">\r\n                <!---->\r\n                <div data-colibri-id=\"32-c241\" class=\"h-text h-text-component style-339 style-local-32-c241 position-relative h-element\">\r\n                  <!---->\r\n                  <!---->\r\n                  <div class=\"\">\r\n                    <p>NBAinfo.dk var i ca. 10 \u00e5r, fra 2004 og frem, Nord Europas st\u00f8rste og bedste site med udelukkende fokus p\u00e5 NBA, med over 1,000 aktive brugere og millioner af unikke bes\u00f8gende om \u00e5ret &#8211; b\u00e5de gr\u00e6srodsfans, aktive spillere, casual fans\r\n                      og fantasy-n\u00f8rder og med masser af artikler, nyheder og ikke mindst en ekstremt aktiv debat del var vi med til at s\u00e6tte NBA p\u00e5 kortet i DK igen (start 80&#8217;ernes fors\u00f8g i Magic\/Bird \u00e6raen lykkedes jo ikke helt).&nbsp;Det var dog ogs\u00e5\r\n                      en side kun opereret p\u00e5 amat\u00f8r basis med en ejer der havde\/har aversion mod brug af reklamer, s\u00e5 da tiden til hobby foretagende d\u00f8de hen, d\u00f8de siden ogs\u00e5.<\/p>\r\n                    <p>Flere har gennem \u00e5rene v\u00e6ret interesseret i dom\u00e6net, men af sentimentale \u00e5rsager har jeg ikke villet s\u00e6lge det fra.&nbsp;Smertegr\u00e6nsen for sentimentalv\u00e6rdien er dog faldet lidt, og pt ligger den p\u00e5 alt over DKK 5,000 &#8211; s\u00e5 skulle du\r\n                      have lyst til at k\u00f8re det h\u00e6derkronede navn videre, s\u00e5 er dom\u00e6net nu for f\u00f8rste gang til salg&#8230;&nbsp;har det interesse s\u00e5 kontakt mig p\u00e5:&nbsp;Kurt.F.Ravn@gmail.com<\/p>\r\n                    <p>\r\n                      <br>\r\n                    <\/p>\r\n                  <\/div>\r\n                <\/div>\r\n              <\/div>\r\n            <\/div>\r\n          <\/div>\r\n        <\/div>\r\n      <\/div>\r\n    <\/div>\r\n  <\/div>\r\n<\/div>","protected":false},"excerpt":{"rendered":"<p>NBAinfo.dk var i ca. 10 \u00e5r, fra 2004 og frem, Nord Europas st\u00f8rste og bedste site med udelukkende fokus p\u00e5 NBA, med over 1,000 aktive brugere og millioner af unikke bes\u00f8gende om \u00e5ret &#8211; b\u00e5de gr\u00e6srodsfans, aktive spillere, casual fans og fantasy-n\u00f8rder og med masser af artikler, nyheder og ikke mindst en ekstremt aktiv debat [&hellip;]<\/p>\n","protected":false},"author":1,"featured_media":0,"parent":0,"menu_order":0,"comment_status":"closed","ping_status":"closed","template":"page-templates\/homepage.php","meta":{"footnotes":""},"class_list":["post-32","page","type-page","status-publish","hentry"],"_links":{"self":[{"href":"https:\/\/nbainfo.dk\/index.php?rest_route=\/wp\/v2\/pages\/32","targetHints":{"allow":["GET"]}}],"collection":[{"href":"https:\/\/nbainfo.dk\/index.php?rest_route=\/wp\/v2\/pages"}],"about":[{"href":"https:\/\/nbainfo.dk\/index.php?rest_route=\/wp\/v2\/types\/page"}],"author":[{"embeddable":true,"href":"https:\/\/nbainfo.dk\/index.php?rest_route=\/wp\/v2\/users\/1"}],"replies":[{"embeddable":true,"href":"https:\/\/nbainfo.dk\/index.php?rest_route=%2Fwp%2Fv2%2Fcomments&post=32"}],"version-history":[{"count":2,"href":"https:\/\/nbainfo.dk\/index.php?rest_route=\/wp\/v2\/pages\/32\/revisions"}],"predecessor-version":[{"id":42,"href":"https:\/\/nbainfo.dk\/index.php?rest_route=\/wp\/v2\/pages\/32\/revisions\/42"}],"wp:attachment":[{"href":"https:\/\/nbainfo.dk\/index.php?rest_route=%2Fwp%2Fv2%2Fmedia&parent=32"}],"curies":[{"name":"wp","href":"https:\/\/api.w.org\/{rel}","templated":true}]}}